82).
-39
Let x(p) = 18*p**3 + 3*p**2 - 518*p + 2044. What is x(4)?
1172
Let p(y) = -4822*y + 48201. What is p(10)?
-19
Let p(b) = -b**3 - 135*b**2 - 248*b + 2352. Calculate p(-133).
-42
Let l(t) = 2*t**3 - 10*t**2 - 21*t + 70. Give l(8).
286
Let g(j) = 1369*j + 12342. Give g(-9).
21
Let u(m) = -4*m**3 + 191*m**2 - 298*m - 2792. Calculate u(5).
-7
Let l(b) = 8*b**3 + 118*b**2 - 25*b + 14. Determine l(-15).
-61
Let a(s) = -s**3 + 166*s**2 + 571*s + 18532. What is a(170)?
2
Let s(r) = 2*r**3 + 2*r**2 + 1628*r + 11477. Give s(-7).
-507
Let q(u) = u**3 - 353*u**2 - 68*u + 24138. What is q(353)?
134
Let d(z) = -12571*z - 326861. Determine d(-26).
-15
Let x(p) = 8*p**3 + 46*p**2 - 69*p - 686. Determine x(-8).
-1286
Let m(s) = s**2 + 25202*s - 7882921. Give m(309).
-22
Let z(i) = 8735*i - 5022618. Determine z(575).
7
Let b(h) = 1941*h + 106029. What is b(-52)?
5097
Let v(t) = -2*t**2 + 103*t + 40. Calculate v(-1).
-65
Let y(f) = -4*f**2 - 1326*f + 15545. Calculate y(12).
-943
Let z(s) = -s**2 - 2499*s + 47752. Determine z(19).
-90
Let k(x) = -577*x + 58938. Calculate k(102).
84
Let d(k) = -420237*k + 4622618. Give d(11).
11
Let i(x) = x**3 - 5*x**2 + 50*x + 552. Determine i(-9).
-1032
Let h(f) = 2975*f**3 + 2*f**2 - 29*f + 26. What is h(1)?
2974
Let a(w) = -2*w**3 - 70*w**2 + 175*w + 2567. Give a(-36).
-1141
Let x(u) = -17472*u + 121637. What is x(7)?
-667
Let g(d) = 604868*d - 17541176. What is g(29)?
-4
Let k(s) = 39*s + 3239. What is k(-30)?
2069
Let r(b) = 83*b + 13590. Give r(-165).
-105
Let u(f) = -7*f**3 - 129*f**2 + 107*f + 618. Calculate u(-19).
29
Let f(s) = 147247*s + 1325232. What is f(-9)?
9
Let m(l) = 8*l**2 - 140*l - 2126. What is m(-16)?
2162
Let b(h) = -432*h**2 - 7363*h - 325. Calculate b(-17).
-2
Let u(q) = 10982*q - 395419. Give u(36).
-67
Let u(x) = -2*x**3 + 82*x**2 + 214*x - 8547. Determine u(41).
227
Let n(g) = -117*g**2 - 2017*g - 348. Give n(-17).
128
Let d(x) = -x**3 + 32*x**2 - 251*x + 302. Calculate d(11).
82
Let n(r) = -r**2 + 602*r + 47041. Give n(-70).
1
Let n(t) = 4*t**3 - 89*t**2 + 3827*t - 83722. Determine n(22).
-12
Let n(q) = -319*q - 23186. Give n(-67).
-1813
Let h(n) = 294*n - 7252. Calculate h(25).
98
Let u(c) = c**3 + 95*c**2 + 164*c - 850. Determine u(-93).
1196
Let f(y) = -213*y + 140. Give f(2).
-286
Let g(a) = 4*a**2 - 1082*a - 15927. Calculate g(-14).
5
Let h(u) = -18*u**2 + 348*u. Determine h(18).
432
Let k(v) = -2*v**3 + 20*v**2 - 24*v + 193. Give k(9).
139
Let m(j) = -j**3 - 90*j**2 - 1073*j + 71. Determine m(-76).
755
Let b(l) = l**2 + 906*l + 53085. Calculate b(-63).
-24
Let s(c) = -c**3 + 14*c**2 - 7253*c + 50436. Determine s(7).
8
Let r(y) = 3*y**3 - 4*y**2 + 51133*y - 153417. Determine r(3).
27
Let t(h) = -h**3 + 362*h**2 - 3855*h - 69. Calculate t(11).
-3
Let a(c) = -13*c**2 + 2276*c + 2197. Give a(176).
85
Let o(g) = g**2 - 286*g - 8093. Calculate o(312).
19
Let s(r) = 164991*r - 1649913. What is s(10)?
-3
Let n(w) = -235742*w - 112. What is n(0)?
-112
Let t(y) = 6*y**2 + 257*y + 2743. What is t(-23)?
6
Let y(h) = h**3 - 173*h**2 - 1046*h + 209471. Calculate y(172).
-25
Let l(s) = -87*s**3 - 18*s**2 + 30*s + 13. Give l(2).
-695
Let b(p) = p**3 + 36*p**2 - 293*p + 321. Calculate b(-43).
-23
Let c(v) = 7*v**3 + v**2 + 15*v + 16. What is c(6)?
1654
Let d(s) = 175*s**3 + 36401*s**2 + 219*s + 2288. Calculate d(-208).
0
Let f(v) = -v**3 + 45*v**2 - 155*v - 1406. Give f(40).
394
Let n(s) = -s**3 + 1058*s**2 - 4979*s + 5267782. Calculate n(1058).
0
Let s(n) = 1267*n**2 - 13946*n + 172. Give s(11).
73
Let k(v) = 9*v**2 - 137*v - 250. What is k(18)?
200
Let x(g) = -g**2 + 132*g - 1769. Give x(15).
-14
Let p(o) = -6367*o + 617553. Calculate p(97).
-46
Let k(r) = 318*r**2 + 61057*r + 183. Determine k(-192).
-9
Let o(p) = -3042*p + 24301. Calculate o(8).
-35
Let i(o) = -4718*o + 151195. Give i(32).
219
Let w(h) = -9*h**3 - 223*h**2 - 47*h - 2428. Calculate w(-25).
-3
Let d(t) = -t**3 - 323*t**2 + 6523*t - 485. What is d(19)?
-10
Let q(k) = -10*k**2 - 472*k + 122. What is q(-47)?
216
Let o(y) = 75*y**2 - 33*y + 71. Calculate o(2).
305
Let s(m) = -12110*m - 678044. What is s(-56)?
116
Let c(n) = 32*n**2 - 2316*n - 7226. Determine c(-3).
10
Let p(w) = w**3 + 17*w**2 - 116*w - 74. Determine p(-22).
58
Let q(n) = -42*n**2 + 4614*n + 1029. What is q(110)?
369
Let o(x) = -143*x**3 - 2*x**2 + 94*x - 277. Calculate o(3).
-3874
Let t(y) = -8*y**2 + 1586*y + 6. Give t(0).
6
Let z(n) = -n**2 + 25958*n - 855611. Calculate z(33).
-86
Let b(v) = -1655*v + 34994. What is b(21)?
239
Let u(q) = 16*q**3 - 112*q**2 - 46*q + 205. What is u(7)?
-117
Let k(r) = -44*r**2 + 5153*r - 25712. Calculate k(5).
-1047
Let x(d) = 2627*d - 20721. Give x(8).
295
Let h(s) = 12*s**3 + 242*s**2 + 43*s - 34. Determine h(-20).
-94
Let r(b) = 13166*b - 105125. Determine r(8).
203
Let o(t) = t**2 + 314*t - 50292. Calculate o(117).
135
Let x(f) = -806*f + 6142. What is x(7)?
500
Let g(i) = -i**3 + 255*i**2 - 1504*i + 2489. What is g(249)?
-1
Let r(d) = 2*d**2 + 368*d + 3878. Determine r(-11).
72
Let g(l) = -5*l**3 + 46*l**2 + 3*l - 32. Determine g(9).
76
Let d(w) = 5*w**3 + 208*w**2 + 840*w + 10. Determine d(-4).
-342
Let z(f) = 170*f - 3927. Give z(26).
493
Let c(l) = -l**3 - 15*l**2 + 44*l + 776. Determine c(-14).
-36
Let o(h) = 3711*h**2 + 7462*h - 2. Give o(-2).
-82
Let f(d) = d**3 - 28*d**2 - 53*d - 95. Give f(28).
-1579
Let o(z) = -1025*z - 103558. Determine o(-101).
-33
Let q(c) = 6*c**2 - 39647*c + 79290. What is q(2)?
20
Let d(v) = -3*v**2 - 1451*v + 113881. Calculate d(69).
-521
Let i(v) = -5643*v + 152511. Give i(27).
150
Let i(u) = 7*u**3 - 350*u**2 - 364*u + 296. Determine i(51).
-61
Let q(t) = -54934*t + 109879. Give q(2).
11
Let w(x) = -82825*x - 2319305. Calculate w(-28).
-205
Let c(n) = -n**2 + 21*n + 4297. Give c(-56).
-15
Let y(u) = -191397*u + 46. Calculate y(0).
46
Let i(o) = 17*o**2 - 728*o + 2224. Give i(40).
304
Let v(x) = -340*x**3 + 5*x**2 + 76*x + 129. What is v(-2)?
2717
Let z(t) = 12*t**2 - 2746*t + 23253. Determine z(220).
-67
Let b(h) = -h**3 - 29*h**2 + 59*h + 1071. Determine b(-31).
1164
Let d(i) = -1977*i + 1411609. What is d(714)?
31
Let m(c) = -2173*c + 1166914. Determine m(537).
13
Let z(l) = -231*l**3 + 2*l**2 + 3746*l - 7497. What is z(2)?
-1845
Let k(s) = 5224*s + 350004. Calculate k(-67).
-4
Let a(k) = -k**3 + 324*k**2 + 390*k - 8. What is a(0)?
-8
Let h(v) = -448*v**2 - 78*v + 49. Give h(0).
49
Let g(b) = -11602*b - 58011. What is g(-5)?
-1
Let i(c) = -1971*c - 100745. What is i(-53)?
3718
Let v(g) = -g**3 - 78*g**2 + 2448*g + 55. Give v(-102).
55
Let p(w) = -21*w**2 - 162*w - 523. Determine p(-2).
-283
Let t(f) = -126*f**2 + 495*f - 489. What is t(2)?
-3
Let n(s) = -87*s**2 - 15405*s - 857. Give n(-177).
205
Let v(j) = 4689540*j - 46895407. Give v(10).
-7
Let s(q) = 2*q**2 + 761*q - 274152. Determine s(226).
-14
Let r(y) = -79656*y + 2469343. Calculate r(31).
7
Let p(u) = -588*u**2 + 76436*u + 123. What is p(130)?
-397
Let y(j) = -j**3 + 31*j**2 - 43*j - 1. Give y(30).
-391
Let j(r) = 2*r**3 + 36*r**2 - 30*r + 73. What is j(-20)?
-927
Let k(x) = 36*x**3 + 197*x**2 + 377*x - 8. Determine k(-2).
-262
Let n(l) = -27*l**2 - 42*l + 286. Determine n(-4).
22
Let c(x) = -644*x - 10445. Give c(-20).
2435
Let y(n) = 3*n**3 + 1378*n**2 - 11216*n - 12. What is y(8)?
-12
Let t(l) = -31*l**2 - 8257*l + 91393. What is t(-277)?
-17
Let p(g) = g**3 + 92*g**2 + 38315*g + 3478390. What is p(-91)?
6
Let b(c) = -c**2 - 1315*c - 75301. What is b(-60)?
-1
Let h(s) = 21*s**2 + 3215*s + 295. Determine h(-153).
-11
Let i(m) = -24289*m + 97148. Determine i(4).
-8
Let h(k) = 3*k**2 + 83*k - 2634. Calculate h(19).
26
Let x(u) = -4*u**2 - 976*u - 12004. What is x(-231)?
8
Let s(d) = 2*d**3 - 2*d**2 - 2915*d - 5810. Determine s(-2).
-4
Let o(n) = -n**3 - 45*n**2 + 1005*n - 3088. What is o(-62)?
-50
Let n(d) = 2*d**3 + 239*d**2 + 48*d - 2253. What is n(-119)?
6196
Let c(w) = 15*w**2 - 68*w + 10. Calculate c(3).
-59
Let v(y) = y**3 + 53*y**2 + 66*y - 1801. Give v(-7).
-9
Let x(z) = -2*z**3 + 109*z**2 + 15*z + 1038. Determine x(55).
-1162
Let m(p) = 4227*p - 350878. Calculate m(83).
-37
Let o(x) = x**2 + 58*x - 6006. What is o(-113)?
209
Let r(h) = 2*h**3 + 349*h**2 + 4645*h + 786. Calculate r(-160).
-14
Let f(l) = -2406*l - 21710. Deter